z = -4 + 5. Let o be ((-3)/z)/(3/27). Let s = o + 47. Calculate the greatest common divisor of 180 and s.
20
Let y be ((-30)/(-60))/((-1)/(-60)). What is the highest common factor of y and 24?
6
Suppose 0 = -2*s - 2*s - 8. Let v be s*((-238)/4)/7. Suppose -v = -2*b + r, b + 3*b - 3*r - 39 = 0. Calculate the highest common factor of b and 15.
3
Suppose o - 4*b + 16 = 3*o, 2*o - b = 1. Calculate the greatest common divisor of o and 1.
1
Let m = 9 + 65. Calculate the highest common divisor of 1110 and m.
74
Let d(h) be the first derivative of 2 - h - 3/2*h**2. Let l be d(-4). Calculate the greatest common factor of 22 and l.
11
Suppose -62*v = -57*v - 190. Let a be (5 + (-1 - -1))*19. Calculate the highest common divisor of a and v.
19
Let v be 5 - -5*6/5. What is the greatest common factor of v and 33?
11
Let h(x) = 2 - 2*x**3 + 0*x**2 + x**2 - x - 6*x**2. Let z be h(-3). Let a be 4/(-8)*-36 - -3. Calculate the highest common factor of z and a.
7
Let x(z) = 2*z - 1. Let u be x(2). Suppose 5*l - 157 = -u*s, -3*l = 2*l - 25. Suppose -18 = 8*n - 50. Calculate the highest common divisor of n and s.
4
Let u be 48*-1*1/(-2). Let r(b) = 3*b + 71. Let j be r(-21). Calculate the highest common divisor of u and j.
8
Let k be -1 - (0 + 2) - (-9 - 6). Let u(g) = g**3 - 12*g**2 + 18. Let f be u(k). Calculate the highest common factor of 12 and f.
6
Let v = -265 - -39. Let d = -98 - v. What is the greatest common divisor of 16 and d?
16
Let u(d) = d + 5. Let k be u(4). Let c be (-2)/k - (-1450)/45. What is the highest common divisor of c and 32?
32
Suppose 5*k - 1150 = -5*i, 2*k - 452 = -2*i - 2*k. Calculate the highest common factor of i and 624.
78
Suppose -b + 1 = -1, 0 = -5*p - b + 657. Suppose -3*y - t = -2*t - 175, 5*t - 10 = 0. Let q = p - y. What is the greatest common divisor of q and 48?
24
Let q be 64 + (17 + -17)*(-3)/3. What is the highest common divisor of q and 288?
32
Suppose v + 14 = 176. Let g be (-3 - -2) + -1 + 0 + v. Calculate the highest common factor of g and 40.
40
Let u(g) = 3*g. Let r be u(2). Let c = r - -59. Let k be (18915/2910)/((-2)/(-6)*3/4). Calculate the greatest common divisor of k and c.
13
Let m(n) = n**2 - 16*n - 23. Suppose -58*p = -61*p + 54. Let y be m(p). Calculate the greatest common divisor of y and 13.
13
Let k(v) = v**3 - 21*v**2 - 3*v + 30. Let t be k(21). Let d be (-6)/t - (-2450)/77. Calculate the highest common factor of 256 and d.
32
Let x be (3*(-8)/20)/(4/(-850)). What is the highest common divisor of x and 102?
51
Let c be ((-22)/(-1) + 0)/(-1). Let q be (-15)/(8 - 5 - c/(-7)). What is the highest common divisor of q and 21?
21
Let i be -40*((-6)/(-4))/(-3). Suppose 5*b + 258*l = 257*l + 74, -5*b + 76 = -l. Calculate the highest common factor of i and b.
5
Suppose 2*x - 4*r + 24 = 4*x, -2*x = 3*r - 19. Suppose 6*s - 108 = x*s. What is the highest common divisor of s and 18?
9
Let r(l) = 117*l**2. Let k be r(-1). Calculate the greatest common divisor of k and 9.
9
Let u = -4 + -5. Let a = -7 - u. Calculate the highest common divisor of a and 4.
2
Suppose 0 = 4*o + 2*g - 106, 5*o - 5*g - 23 = 3*o. Let i(j) = 10*j**2 - 2*j. Let d be i(2). What is the highest common factor of d and o?
12
Suppose 0 = 5*z - 10 - 30. Suppose 4*w = -q + 28, 0*w = -5*q + 4*w + 164. Let d = 64 - q. What is the highest common divisor of d and z?
8
Let l be ((-105)/(-10))/(1/(-2)). Let x be (l + 1)*(-1)/((-5)/(-15)). What is the greatest common divisor of x and 10?
10
Suppose 545 = 2*h + 5*x, 11*h = 9*h - x + 549. Calculate the greatest common factor of h and 50.
25
Let b = -18326 + 18612. Let d be ((0 - 0) + -1)*-22. Calculate the greatest common divisor of d and b.
22
Suppose -3*s + 5*z + 633 - 48 = 0, -4*s - 5*z + 815 = 0. Let g = -110 + s. What is the highest common factor of g and 10?
10
Suppose 0*w - 2*w + 8 = 0. Let d(m) = 9*m + 613. Let x be d(-68). What is the greatest common factor of x and w?
1
Let c = -44 - -87. Suppose -4*r - 236 = -5*y, -3*y - 5*r - c = -4*y. Calculate the highest common factor of 32 and y.
16
Suppose -3*k + 126 - 14 = -5*y, 2*k = -5*y + 108. Calculate the greatest common divisor of k and 44.
44
Let l(s) = 22*s + 167. Let i be l(-6). What is the highest common factor of 98 and i?
7
Suppose u = 4 - 0. Suppose 5*t + 14 = 3*o, -2*t + 3 = -5*t. Calculate the highest common factor of u and o.
1
Let w be (13 + -15 + 1)/((-2)/70). Calculate the highest common divisor of w and 56.
7
Let g = 247 + -135. Let p = g + -102. Calculate the greatest common factor of 40 and p.
10
Suppose 11*u - 2944 = -12*u. Calculate the highest common divisor of u and 24.
8
Suppose 181 - 37 = d. Let g(k) be the third derivative of -3*k**4/4 - 3*k**2. Let r be g(-1). Calculate the highest common divisor of d and r.
18
Let g(t) = t**2 + 14*t + 21. Let u be g(-15). Calculate the highest common divisor of 12 and u.
12
Let l be 4/(-22) - 2094/(-22). Let j(y) = 2*y**3 - 13*y**2 - 2*y - 16. Let g be j(7). What is the greatest common factor of l and g?
19
Let q = 3 + -1. Suppose -756*l = -750*l - 24. What is the greatest common factor of l and q?
2
Let n(q) = q**2. Let y(l) = 5*l**2 + 5*l - 8. Let d(j) = -3*n(j) + y(j). Let c be d(-4). Calculate the highest common divisor of 20 and c.
4
Suppose 2*v - 6 = -0*v. Suppose 3*r + 0*r = v*y + 15, y = -4. Let j(k) = k + 9. Let w be j(0). What is the greatest common factor of r and w?
1
Let i = -97 + 126. Calculate the greatest common factor of 319 and i.
29
Let y(n) = -2*n**3 - 9*n**2 - 6*n - 8. Let a be y(-6). Let s = a + -72. What is the highest common divisor of s and 8?
8
Let x(k) = k. Let f(g) = -g**2 - 5*g + 6. Let d(w) = f(w) - 3*x(w). Suppose -8 = -6*h + 7*h. Let p be d(h). What is the highest common factor of 9 and p?
3
Suppose -42 = -3*o + 2*q, -7*q + 5*q - 18 = -o. What is the highest common divisor of 12 and o?
12
Let k(o) = -4*o + 4. Let y be k(-8). Suppose 2*i - y = -2*i. Let l be (-578)/(-8) + (-2)/8. What is the highest common factor of i and l?
9
Let i = 108 + -93. Suppose 0*f = 2*y + f - 3, 0 = -3*f - i. Suppose -3*m + 1 = -2. Calculate the greatest common divisor of y and m.
1
Let b(h) = 6*h. Let u be 98/7*(-2)/(-4). Let k be b(u). Calculate the highest common divisor of k and 12.
6
Suppose 0 = b - 5*b + 52. Let y(g) = g**3 + 83*g**2 + 1119*g - 55. Let j be y(-66). What is the highest common divisor of b and j?
13
Suppose 10*d - 11*d + 247 = 0. What is the highest common factor of d and 13?
13
Suppose 0*w + 8 = 4*v + w, 4*v = -2*w + 8. Let n(c) = 10*c - 17. Let x be n(v). Calculate the highest common divisor of 5 and x.
1
Suppose -44*b = -49*b + 40. Let t = 75 - 37. Suppose 2*f - 82 = -4*r, -2*r + t = -0*r - 2*f. Calculate the highest common divisor of r and b.
4
Suppose -l - 387 = -402. Calculate the greatest common divisor of l and 165.
15
Suppose 3*b - 279 = 5*t, -4*t - 24 = -3*b + 255. Let u = 131 - b. Calculate the greatest common factor of 418 and u.
38
Let n(s) = 5*s**2 - 11*s + 6. Let r be n(2). What is the greatest common factor of r and 22?
2
Suppose -3*d + 6*d - 3 = 0. Let q be (6 - 3) + -10 - -24. What is the highest common factor of d and q?
1
Suppose -240 = -7*u + 2*u. Suppose -304 = 17*x - 2344. Calculate the highest common factor of x and u.
24
Let g be (-27)/3*1 + 3. Let o(y) = -21*y - 4. Let r be o(g). Suppose -6*q + 46 = -r. What is the highest common factor of 7 and q?
7
Let q be (-8)/60 + 54080/600. Let m(s) = -s**3 + 3*s**2 - 2. Let y be m(-2). Calculate the highest common divisor of q and y.
18
Suppose 0 = 15*y - 1569 - 3471. Calculate the greatest common divisor of y and 48.
48
Let p(r) = 27*r - 108. Let q be p(6). Calculate the greatest common factor of q and 612.
18
Let v be (6/(-5))/(9/(-30)). Suppose -v*y + 0*k + 200 = 2*k, y = -2*k + 47. Let u = y + -35. Calculate the greatest common divisor of u and 8.
8
Let l be (558/(-12)*2)/(-1). Calculate the highest common divisor of l and 62.
31
Suppose 4*o - h = 2*h + 23, -10 = -o + 5*h. Suppose 5*n - 2*j - 196 = 0, -5*j - 232 = -o*n - 27. Let d = 54 - n. What is the highest common factor of d and 16?
16
Let y(k) = -k**3 + 11*k**2 + 30*k - 17. Let p be y(13). Calculate the highest common factor of 56 and p.
7
Let r(u) = -4*u**2 + 95*u + 32. Let k be r(24). Let l = 125 + -53. What is the greatest common fact